t is the remainder when 43 is divided by h?
20
Let i be ((-6)/4)/(2/24). Let x = 33 + i. What is the remainder when 28 is divided by x?
13
Let o(a) = a**3 + 8*a**2 - 2*a - 10. Suppose -48 - 42 = -5*b. Calculate the remainder when o(-7) is divided by b.
17
Let j = 125 - 73. Suppose -4*g + 192 - j = 0. What is the remainder when g is divided by 18?
17
Let g = 23 - 16. Suppose d - 3 = g. What is the remainder when 19 is divided by d?
9
Let g(r) = 2*r**2 - 7*r - 6. Calculate the remainder when g(6) is divided by 9.
6
Let d = 124 + -69. Let s(q) = 8*q**2 + 2*q. What is the remainder when d is divided by s(-2)?
27
Let n(u) = u**2 + 4*u - 5. Let j be n(-5). Let b = j - -41. Calculate the remainder when b is divided by 11.
8
Suppose 0*i + 2*i - 5*l = 53, 5*l = -3*i + 42. Suppose x = -5*v + 4, 2*v = -2*x + 3*v + i. Let p = 22 + -6. Calculate the remainder when p is divided by x.
7
Calculate the remainder when 36 is divided by ((-6)/9)/((-14)/273).
10
Suppose 4*t = t + 3*m + 555, -2*t + m = -370. Calculate the remainder when t is divided by 31.
30
Suppose -2*t - 3*t + 20 = 0. Suppose 2*c + 4*h = -8, t = 2*c - 2*h - 12. Suppose c*q - 16 = 24. What is the remainder when q is divided by 6?
4
Let x(o) be the third derivative of o**4/12 - o**3/2 - o**2. Calculate the remainder when 58 is divided by x(9).
13
Suppose -2*q - 2*q + 56 = 0. Suppose j + 0*j = 2. Suppose -25 = -b + j. Calculate the remainder when b is divided by q.
13
Let g(t) = 4*t - 2. Let c = -86 - -121. Let v = c - 19. Calculate the remainder when v is divided by g(2).
4
Let k = 31 - 5. Let z = 28 + -14. What is the remainder when k is divided by z?
12
Suppose -s - o = -20, 13 = -3*s + o + 77. Calculate the remainder when 39 is divided by s.
18
Let s be (16/(-20))/((-2)/5). Suppose -2*o - o + 3 = 0. Calculate the remainder when (2/o)/(s - 1) is divided by 1.
0
Suppose 4 = 2*j + 3*m - 15, -m + 9 = 2*j. Let t(u) = u**3 + 10*u**2 + 10*u + 10. Calculate the remainder when j is divided by t(-9).
0
Let g = -8 - -34. Let p(n) = 2*n**2 - 2*n - 1. Let b be p(5). Let w = -25 + b. What is the remainder when g is divided by w?
12
Suppose -3*t + 21 + 99 = 0. Suppose 4*a - 4*v = 52, -3*a + 4*v + 50 - 12 = 0. What is the remainder when t is divided by a?
12
Suppose 5*y - 57 = 8. What is the remainder when 15 is divided by y?
2
Let d = 519 - 517. Let h = -1 - -3. Calculate the remainder when d is divided by h.
0
Suppose -3*s - 3*j = -18, 5*s = 4*s + 5*j - 6. Let f = s - -16. Suppose 4*d = -5*u + 48, 5*u = -5*d - f + 70. Calculate the remainder when 15 is divided by u.
7
Suppose 0 = 3*l - 4*u - 142 - 15, u - 167 = -3*l. What is the remainder when l is divided by 19?
17
Let v = 9 + 5. Calculate the remainder when 25 is divided by v.
11
Let c = 51 - 33. What is the remainder when (-34)/((1 - 1) + -1) is divided by c?
16
Suppose 150 = 3*r + 21. Calculate the remainder when r is divided by 11.
10
Suppose -4*p - 19 = -3*p + 5*j, -5*j - 15 = 5*p. Let f(z) = 11*z**3 + z**2 + z - 1. Suppose -47 = -b - 12. What is the remainder when b is divided by f(p)?
11
Let q(a) = 4*a**3 + 4*a**2 + 3*a - 31. Let u(j) = 7*j**3 + 7*j**2 + 5*j - 63. Let w(f) = 5*q(f) - 3*u(f). Calculate the remainder when w(0) is divided by 7.
6
Let h = 0 - 0. Calculate the remainder when h - (0 - 2)*11 is divided by 12.
10
Let r be (2/3)/((-4)/6). Let p = -23 + 52. Calculate the remainder when p is divided by ((-10)/r)/((-2)/(-3)).
14
Suppose 6 + 5 = -i. Let g(t) = t**2 + 11*t + 15. What is the remainder when g(i) is divided by 8?
7
Suppose -b + 5 = 0, -12 - 7 = -m - 2*b. Calculate the remainder when 98 is divided by m.
8
Let i = -317 - -577. Calculate the remainder when 35 is divided by i/22 - (-4)/22.
11
Let x = 64 + -43. Suppose -x = -4*t + 87. Calculate the remainder when 18/t - (-152)/6 is divided by 14.
12
Let n(s) = -2*s**3 + 3*s**2 + 4*s + 2. Let o be n(-2). Let l = o - 6. Calculate the remainder when l is divided by 6.
4
Suppose 20 = f - 5*a + 7*a, f - 2*a = 8. Calculate the remainder when 39 is divided by f.
11
Suppose 2*d + 2*c - 6 = 0, 0*d - c + 3 = 3*d. Suppose v - 5 + 2 = d. What is the remainder when 10 is divided by v?
1
Let t(x) = x**3 + 6*x**2 - 7*x + 13. Let l(f) = -5 - 2 + f**2 - 4*f + 0. Calculate the remainder when t(-7) is divided by l(6).
3
Let b = -15 + 21. Let t(n) = 3*n. What is the remainder when 51 is divided by t(b)?
15
Suppose -i - 54 - 94 = -5*d, -d - 3*i + 20 = 0. Let j be (-2)/6 - d/3. Let f = j + 15. Calculate the remainder when 14 is divided by f.
4
Calculate the remainder when 3 is divided by 1/(2*2/12).
0
Suppose 0 = 4*z + 18 - 54. Calculate the remainder when 92/6 + 4/6 is divided by z.
7
Let k be (-148)/18 + 2/9. Let g = 39 + k. Calculate the remainder when g is divided by 16.
15
Suppose 4*m = b + 18, 5*m + 3 = -2. Let x = -7 - b. Let z = x - 7. Calculate the remainder when 23 is divided by z.
7
Suppose -2*s = 2*s - 16. Let p(d) be the second derivative of d**4/12 - d**3/2 + d**2 - 2*d. Calculate the remainder when 10 is divided by p(s).
4
Let z(k) = -13*k - 15. Calculate the remainder when z(-4) is divided by 69/6 - (-3)/(-2).
7
Suppose -7 - 11 = -3*n. Suppose 0 = -n*b + b + 90. Calculate the remainder when b is divided by 10.
8
Suppose 5*j = -i + 4, 3*i - 2*j - 28 = -j. Calculate the remainder when 8 is divided by -9*(-1 - (-6)/i).
2
Let k be (-1 + -1 + 3)/(-1). Let y be 3/(k/(-1)) + -3. Suppose f - 2*l = 4, 2*f - 7*f + 2*l + 36 = y. Calculate the remainder when 22 is divided by f.
6
Suppose 5*u - 84 = 251. Calculate the remainder when u is divided by 34.
33
Suppose -16 = -3*m + 2*l, -2*m - 2*l = -m - 16. Let i be (2/8)/((-3)/(-12)). Calculate the remainder when m is divided by 5 + (2 - (3 + i)).
2
Calculate the remainder when 19 is divided by -2*3/(-6) + 4.
4
Calculate the remainder when 10/(-5)*(-130)/4 is divided by 17.
14
Let q(k) = 58*k**2 - 2*k - 1. Let s be q(-1). Suppose 0 = -3*y + 4*a + s, 6*y - y = -2*a + 133. What is the remainder when y is divided by 9*(2/1 + -1)?
7
What is the remainder when 96/10 + (-6)/10 is divided by 3?
0
Suppose 50 - 5 = 3*i. Let r(p) = p**2 - 3*p - 2. Calculate the remainder when i is divided by r(-2).
7
Suppose 8*h - 92 = 3*h - 2*r, h - 4*r - 14 = 0. Let u = 8 + 61. Calculate the remainder when u is divided by h.
15
Let k be (-6)/(-5)*20/8. Suppose -k*g - g + 8 = 0. Calculate the remainder when 2 is divided by g.
0
Let x = -9 - -13. Let z = x + -1. Suppose 3*g + w - 1 = 23, 2*g + z*w - 16 = 0. What is the remainder when 14 is divided by g?
6
Let i = 28 - 14. Suppose 2*s - 4 = -0*s. Suppose s*u = 3*u + 4*a, -4*u + 3*a + 38 = 0. What is the remainder when i is divided by u?
6
Suppose 13*x = 12*x + 51. What is the remainder when 99 is divided by x?
48
Suppose -4*m + 2*m = -4*a - 36, -4*a - 52 = -4*m. Calculate the remainder when 31 is divided by m.
7
Suppose -292 = -5*d - 4*q, 0 = -4*d + 2*q - 0*q + 218. Suppose -3*j + 35 = -22. Calculate the remainder when d is divided by j.
18
Let a = -5 - -9. Suppose -k = -4*l + 11, -2*l + 28 = -2*k + a*k. What is the remainder when k is divided by 5?
4
Suppose 5*s = -59 + 259. Suppose 0 = -0*k + 5*k - 70. Calculate the remainder when s is divided by k.
12
Suppose w = 4*l - w + 126, 29 = -l + w. Let i(k) = k**3 + 9*k**2 + 9*k + 3. Let n be i(-6). Let f = l + n. Calculate the remainder when f is divided by 8.
7
Let j be 4/(-3 + (3 - -1)). What is the remainder when 26 is divided by j + 4 - (1 - 0)?
5
Let r = 9 - 7. Suppose -r*z - 27 = -5*z. Calculate the remainder when 35 is divided by z.
8
Suppose -3*x + 114 = -j, 2*x + 0*j + 2*j - 76 = 0. What is the remainder when x is divided by 20?
18
Suppose -f - t - 4 = t, 0 = 5*t + 15. What is the remainder when 11 is divided by f?
1
Suppose -196 - 239 = -15*b. Let d = -1 + 11. What is the remainder when b is divided by d?
9
Let m = 53 + -20. What is the remainder when m is divided by 12?
9
Suppose -64*j = -71*j + 826. Calculate the remainder when j is divided by 61.
57
Let m be -2*3/6*5. Let y be m/(-20) + (-110)/(-8). What is the remainder when 15 is divided by 200/35 - (-4)/y?
3
Suppose 34 + 16 = 5*q. Let x = -7 + q. Calculate the remainder when 8 is divided by x.
2
Suppose -g - 3 = -o + 2*g, -4*o + 2*g = -22. What is the remainder when 22 is divided by o?
4
Suppose -2*m = 2*m - 56. Let x(c) 